alculate u(86).
162
Let x(l) = -2*l**2 + 671*l + 71023. Calculate x(-84).
547
Let u(s) = -6*s**2 + 1197*s + 899. Give u(200).
299
Let y(z) = -z**3 + 82*z**2 + 71*z + 770. Give y(83).
-226
Let t(w) = -226985*w + 2723799. Determine t(12).
-21
Let m(q) = -1070*q**2 - 18137*q + 895. Determine m(-17).
-6
Let l(p) = -135*p**2 - 7013*p + 304. What is l(-52)?
-60
Let k(c) = -110*c**2 + 1310*c + 19. Give k(12).
-101
Let d(f) = 12*f**3 - 4009*f**2 + 329*f + 1898. Give d(334).
228
Let s(n) = 357*n + 2455. Calculate s(-7).
-44
Let q(z) = -z**2 - 285*z - 20115. Determine q(-143).
191
Let n(g) = g**2 + 36*g + 156. Give n(-33).
57
Let m(w) = -741*w**2 + 171171*w + 3. Calculate m(231).
3
Let s(g) = g**3 - 175*g**2 - 1969*g - 5036. Give s(-4).
-24
Let a(g) = 3*g**3 - 170*g**2 - 956*g - 1. Give a(0).
-1
Let b(c) = 3483808*c - 6967642. Calculate b(2).
-26
Let f(a) = 51*a**2 - 156*a + 6. What is f(3)?
-3
Let o(m) = 89383*m + 2413401. Give o(-27).
60
Let z(h) = -2908*h + 20340. Determine z(7).
-16
Let t(w) = 2*w**3 + 17*w**2 - 1650*w - 14773. Give t(-9).
-4
Let i(p) = 2256*p + 2233. Calculate i(-1).
-23
Let b(j) = -5446*j + 27329. Determine b(5).
99
Let x(a) = 130939*a - 3928179. Calculate x(30).
-9
Let l(a) = -5*a**3 + 79*a**2 - 81*a + 2. Give l(1).
-5
Let v(h) = -h**2 - 377*h - 11053. What is v(-32)?
-13
Let v(h) = 23*h**2 - 129*h + 217. Determine v(2).
51
Let p(i) = -1572*i**2 + 17292*i + 9. Give p(11).
9
Let y(r) = -r**2 - 63*r - 980. Give y(-33).
10
Let o(q) = -2886*q - 28802. What is o(-10)?
58
Let a(s) = -541*s + 54624. Calculate a(101).
-17
Let q(f) = 24986*f + 199891. Give q(-8).
3
Let x(c) = -51*c**2 + 626*c - 205. Give x(12).
-37
Let y(l) = -8648*l - 60300. What is y(-7)?
236
Let o(z) = -3*z**2 - 92*z + 2333. Determine o(-51).
-778
Let s(c) = 972*c**2 - 1116825*c - 3464. Give s(1149).
-17
Let f(n) = 9*n**2 + 552*n + 3338. Give f(-6).
350
Let z(t) = -t**3 + 101*t**2 + 86*t - 1105. Give z(102).
-2737
Let h(w) = -22995*w + 114873. Give h(5).
-102
Let q(z) = -z**2 - 307*z - 3474. Give q(-12).
66
Let t(j) = 2*j**3 - 29*j**2 - 6*j + 97. What is t(13)?
-488
Let b(m) = -1330*m + 625124. Calculate b(470).
24
Let o(l) = 1061*l + 119919. What is o(-113)?
26
Let c(i) = 2*i**3 + 40*i**2 - 233*i - 178. Give c(5).
-93
Let m(q) = -q**3 + 157*q**2 - 5928*q + 317. Determine m(63).
-61
Let a(t) = 2*t**3 + 15*t**2 + 113*t - 308. Calculate a(2).
-6
Let c(t) = -302518*t + 3327751. Give c(11).
53
Let a(x) = -32*x**2 + 4129*x - 155. Give a(129).
-26
Let q(j) = 3*j**2 + 1372*j + 156544. Calculate q(-218).
20
Let t(y) = -y**2 + 315*y - 8764. What is t(33)?
542
Let v(b) = 3*b**2 - 195*b - 389. Calculate v(0).
-389
Let v(i) = -i**3 + 12*i**2 + 178*i + 1. Calculate v(-10).
421
Let a(r) = -202*r**2 - 53065*r + 16051. Determine a(-263).
8
Let k(q) = q**2 - 876*q + 50405. Give k(62).
-63
Let g(n) = 45*n - 3333. Give g(55).
-858
Let z(c) = 3*c**2 + 1037*c - 37481. Determine z(33).
7
Let r(j) = -2*j**3 - 76*j**2 - 444*j - 93. What is r(-7)?
-23
Let m(q) = -3874*q + 38983. Give m(10).
243
Let v(n) = 3*n**2 - 1595*n + 38001. Calculate v(25).
1
Let r(x) = 63*x**2 + 1257*x - 78. Determine r(-20).
-18
Let s(i) = 2*i**3 - 314*i**2 - 1038*i + 162890. What is s(157)?
-76
Let h(a) = -34*a**2 - 282*a - 579. What is h(-4)?
5
Let c(k) = 66061*k + 5020644. What is c(-76)?
8
Let j(z) = -2*z**3 - 154*z**2 - 98*z + 4095. Determine j(-76).
-9
Let u(c) = -2*c**2 + 292*c + 4259. Calculate u(160).
-221
Let s(u) = 27*u**3 - 354*u**2 + 68*u + 6. Calculate s(13).
383
Let n(m) = -23*m**2 - 730*m - 252. Give n(-31).
275
Let h(v) = v**3 + 72*v**2 + 13378*v - 40812. Calculate h(3).
-3
Let o(g) = -5*g**3 - 162*g**2 + 201*g + 8484. Determine o(-32).
4
Let v(d) = 47*d**2 + 1359*d + 8256. What is v(-6)?
1794
Let l(r) = r**3 - 2353*r**2 + 39796*r - 196231. Give l(2336).
-7
Let i(a) = -28*a**2 + 366*a + 166. What is i(16)?
-1146
Let x(f) = -7730*f - 54223. Give x(-7).
-113
Let y(d) = -d**2 + 1697*d - 381648. Determine y(267).
162
Let q(i) = 221622*i + 9308081. Determine q(-42).
-43
Let s(n) = -n**3 - 110*n**2 - 1335*n + 141. What is s(-96)?
-723
Let h(u) = -218*u**2 - 193*u + 28. What is h(-1)?
3
Let p(q) = -406*q + 25482. Give p(65).
-908
Let t(h) = 15*h**3 - 6087*h**2 - 1212*h - 2158. What is t(406)?
278
Let c(s) = s**3 + 280*s**2 + 244*s - 9840. Calculate c(-279).
-75
Let w(y) = -15020*y - 375490. Give w(-25).
10
Let p(g) = -g**3 - 48*g**2 - 60*g - 1004. Determine p(-50).
6996
Let k(z) = z**3 - 136*z**2 - 33401*z + 5. Give k(263).
5
Let u(k) = -20*k**2 + 2716*k + 20574. Give u(143).
-18
Let a(i) = -1494*i + 262926. Calculate a(176).
-18
Let a(v) = -197*v - 66203. Calculate a(-336).
-11
Let o(m) = -m**2 + 3166*m + 134613. Determine o(-42).
-123
Let u(g) = -g**3 + 95*g**2 + 131*g - 104. What is u(96)?
3256
Let j(q) = -q**2 - 480*q - 55178. What is j(-296)?
-714
Let h(p) = 375*p + 38874. Determine h(-104).
-126
Let t(o) = -167*o**3 - 4337*o**2 + 134*o + 98. Calculate t(-26).
-6
Let x(f) = 34*f**3 - 4286*f**2 + 416*f - 20655. Give x(126).
9
Let b(t) = 4*t**3 + 46*t**2 - 232*t + 24. What is b(5)?
514
Let k(s) = -9*s**2 - 1824*s + 10005. Calculate k(-208).
21
Let t(c) = 129*c + 22712. What is t(-187)?
-1411
Let i(d) = 112*d**2 - 59*d - 57. Determine i(-1).
114
Let h(c) = 225*c - 15307. Determine h(68).
-7
Let y(i) = -360*i + 27938. What is y(78)?
-142
Let s(j) = 744*j + 13831. Calculate s(-18).
439
Let p(h) = -h**3 + 131*h**2 - 4159*h - 66. Give p(77).
-143
Let i(q) = 3*q**2 + 75490*q + 150976. Calculate i(-2).
8
Let l(v) = -131*v**2 - 131*v + 532. Calculate l(4).
-2088
Let o(x) = 94*x**2 - 54*x - 315. Calculate o(6).
2745
Let r(k) = -90*k**2 - 125647*k - 9775. Give r(-1396).
-3
Let d(n) = -16683*n - 850779. What is d(-51)?
54
Let y(h) = 11*h**3 - 490*h**2 - 524*h + 13474. Determine y(45).
19
Let v(u) = 10856*u + 20. Give v(0).
20
Let p(f) = -285*f + 10079. Give p(35).
104
Let u(o) = 3154*o**2 + 34704*o + 27. Determine u(-11).
-83
Let a(g) = 2*g**3 + 727*g**2 - 377*g - 4649. Calculate a(-364).
83
Let s(y) = -5*y**3 + 707*y**2 - 280*y - 310. Calculate s(141).
-28
Let k(p) = -p**3 + 475*p**2 + 2883*p - 13. Give k(-6).
5
Let c(r) = 13105*r - 3478. Give c(0).
-3478
Let k(u) = -7*u**2 + 838*u + 441. Give k(120).
201
Let i(g) = -3449*g - 320732. Give i(-93).
25
Let v(p) = -91035*p + 19754613. Give v(217).
18
Let a(q) = -2*q**3 + 6*q**2 - 12*q - 106. Determine a(8).
-842
Let l(j) = j**3 + 3*j**2 - 3527*j + 670. Give l(-61).
-1
Let w(i) = -690*i - 18901. Determine w(-27).
-271
Let n(f) = 3*f**2 + 116*f + 1025. What is n(-23)?
-56
Let t(p) = -138*p - 55063. Give t(-399).
-1
Let t(y) = -185*y + 1278. Determine t(11).
-757
Let k(j) = -9*j**3 + 6*j**2 - j - 36. What is k(4)?
-520
Let f(h) = -2*h**3 - 48*h**2 + 15*h - 1094. Determine f(-25).
-219
Let u(d) = -5*d**3 - d**2 - 9428*d - 18849. Give u(-2).
43
Let j(m) = 9365*m - 37181. Give j(4).
279
Let w(c) = 6*c**2 - 166*c + 984. Calculate w(38).
3340
Let x(n) = 1279*n - 571793. What is x(447)?
-80
Let l(p) = p**3 - p**2 + 28*p + 285. Calculate l(-5).
-5
Let n(q) = -1362*q + 25560. Give n(21).
-3042
Let z(p) = -654*p + 25534. Give z(39).
28
Let w(t) = 3*t**3 - 20*t**2 - 70*t + 413. Give w(7).
-28
Let l(d) = 3*d**3 - 319*d**2 - 535*d - 424. What is l(108)?
116
Let a(w) = -5*w**2 + 384*w - 3046. Calculate a(68).
-54
Let p(g) = 3*g**2 - 33*g - 6708. Determine p(53).
-30
Let i(m) = 201305*m - 10. Calculate i(0).
-10
Let j(q) = -q**3 + 2*q**2 + 1064*q - 10539. What is j(27)?
-36
Let g(v) = -18627*v + 5588092. Calculate g(300).
-8
Let h(w) = 599*w + 19755. Calculate h(-33).
-12
Let w(a) = -3317*a - 15055. Give w(-6).
4847
Let p(j) = -12314*j + 147782. What is p(12)?
14
Let r(b) = 5216*b + 31296. Calculate r(-6).
0
Let o(x) = 3495*x - 793387. Give o(227).
-22
Let j(i) = -i**2 - 2113*i - 72681. Give j(-35).
49
Let r(w) = 153*w - 38394. Determine r(244).
-1062
Let d(s) = -s**3 + 18*s**2 - 1743*s + 81817. Calculate d(35).
-13
Let x(j) = -2*j**3 + 32*j**2 - 95*j + 8. Calculate x(13).
-213
Let c(r) = 1002*r + 4044. Determine c(-4).
36
Let g(m) = -6301*m - 869526. Calculate g(-138).
12
Let l(x) = -747*x**3 - 6*x**2 + 3*x + 2. Determine l(-1).
740
Let y(j) = j**3 + 5*j**2 - 127*j - 493. Determine y(-5).
142
Let y(k) = -3*k**2 + 91*k + 2777. Determine y(-19).
-35
Let x(r) = -725733*r - 17417594. 